 tens digit of 1581?
8
What is the ten thousands digit of 42220?
4
What is the units digit of 23746?
6
What is the hundreds digit of 668?
6
What is the tens digit of 884?
8
What is the tens digit of 1369?
6
What is the thousands digit of 50242?
0
What is the units digit of 163?
3
What is the ten thousands digit of 23075?
2
What is the thousands digit of 39362?
9
What is the ten thousands digit of 63094?
6
What is the hundreds digit of 1338?
3
What is the units digit of 7302?
2
What is the tens digit of 1626?
2
What is the units digit of 1277?
7
What is the hundreds digit of 1426?
4
What is the tens digit of 2507?
0
What is the ten thousands digit of 37639?
3
What is the hundreds digit of 72960?
9
What is the units digit of 4267?
7
What is the units digit of 29228?
8
What is the ten thousands digit of 87437?
8
What is the tens digit of 110?
1
What is the thousands digit of 1575?
1
What is the thousands digit of 6982?
6
What is the tens digit of 55351?
5
What is the thousands digit of 161934?
1
What is the tens digit of 697?
9
What is the thousands digit of 75429?
5
What is the hundreds digit of 18213?
2
What is the thousands digit of 16095?
6
What is the ten thousands digit of 176132?
7
What is the hundreds digit of 77991?
9
What is the units digit of 829?
9
What is the ten thousands digit of 121492?
2
What is the hundreds digit of 193?
1
What is the units digit of 2397?
7
What is the tens digit of 413?
1
What is the tens digit of 2089?
8
What is the hundreds digit of 2534?
5
What is the hundreds digit of 1313?
3
What is the hundreds digit of 2509?
5
What is the ten thousands digit of 74499?
7
What is the hundred thousands digit of 148676?
1
What is the hundreds digit of 2558?
5
What is the thousands digit of 1219?
1
What is the tens digit of 68991?
9
What is the units digit of 153342?
2
What is the tens digit of 4850?
5
What is the units digit of 5259?
9
What is the thousands digit of 1617?
1
What is the tens digit of 132?
3
What is the hundreds digit of 101?
1
What is the hundreds digit of 48721?
7
What is the units digit of 29621?
1
What is the tens digit of 2911?
1
What is the tens digit of 3914?
1
What is the tens digit of 5456?
5
What is the units digit of 3560?
0
What is the units digit of 2259?
9
What is the tens digit of 6316?
1
What is the tens digit of 1475?
7
What is the tens digit of 5899?
9
What is the thousands digit of 82784?
2
What is the units digit of 2207?
7
What is the hundreds digit of 366?
3
What is the tens digit of 3815?
1
What is the tens digit of 34445?
4
What is the hundreds digit of 75022?
0
What is the units digit of 46?
6
What is the hundreds digit of 148884?
8
What is the tens digit of 80921?
2
What is the hundreds digit of 28424?
4
What is the hundreds digit of 7685?
6
What is the tens digit of 3113?
1
What is the thousands digit of 16718?
6
What is the hundreds digit of 443?
4
What is the ten thousands digit of 58755?
5
What is the hundreds digit of 2921?
9
What is the tens digit of 33154?
5
What is the tens digit of 75?
7
What is the thousands digit of 101449?
1
What is the thousands digit of 1774?
1
What is the tens digit of 2280?
8
What is the thousands digit of 59708?
9
What is the tens digit of 64517?
1
What is the units digit of 13318?
8
What is the tens digit of 2347?
4
What is the units digit of 13612?
2
What is the thousands digit of 36157?
6
What is the hundreds digit of 7384?
3
What is the hundreds digit of 131694?
6
What is the units digit of 134172?
2
What is the hundreds digit of 828?
8
What is the units digit of 17445?
5
What is the units digit of 1041?
1
What is the tens digit of 31755?
5
What is the thousands digit of 86872?
6
What is the ten thousands digit of 46188?
4
What is the units digit of 29406?
6
What is the hundreds digit of 85963?
9
What is the tens digit of 57816?
1
What is the units digit of 72?
2
What is the tens digit of 251?
5
What is the hundreds digit of 422?
4
What is the thousands digit of 4488?
4
What is the tens digit of 33201?
0
What is the thousands digit of 3234?
3
What is the hundreds digit of 1384?
3
What is the ten thousands digit of 17831?
1
What is the hundreds digit of 1632?
6
What is the tens digit of 16470?
7
What is the hundreds digit of 62769?
7
What is the units digit of 8070?
0
What is the hundreds digit of 1073?
0
What is the units digit of 368?
8
What is the thousands digit of 10471?
0
What is the tens digit of 3658?
5
What is the hundreds digit of 5149?
1
What is the tens digit of 62049?
4
What is the units digit of 874?
4
What is the hundreds digit of 1368?
3
What is the hundreds digit of 320?
3
What is the tens digit of 906?
0
What is the tens digit of 1338?
3
What is the tens digit of 18841?
4
What is the units digit of 530?
0
What is the units digit of 1826?
6
What is the hundreds digit of 370?
3
What is the ten thousands digit of 80180?
8
What is the units digit of 318?
8
What is the tens digit of 940?
4
What is the tens digit of 19881?
8
What is the tens digit of 7482?
8
What is the ten thousands digit of 12942?
1
What is the thousands digit of 9256?
9
What is the thousands digit of 2372?
2
What is the tens digit of 1966?
6
What is the tens digit of 27124?
2
What is the tens digit of 186418?
1
What is the tens digit of 362?
6
What is the units digit of 5767?
7
What is the hundreds digit of 1600?
6
What is the units digit of 461?
1
What is the hundreds digit of 2669?
6
What is the hundreds digit of 10577?
5
What is the hundreds digit of 1097?
0
What is the units digit of 720?
0
What is the thousands digit of 40433?
0
What is the ten thousands digit of 103432?
0
What is the tens digit of 180100?
0
What is the thousands digit of 6445?
6
What is the hundreds digit of 97938?
9
What is the hundreds digit of 17996?
9
What is the tens digit of 848?
4
What is the tens digit of 4202?
0
What is the units digit of 1377?
7
What is the units digit of 2955?
5
What is the hundreds digit of 503?
5
What is the hundreds digit of 1893?
8
What is the hundreds digit of 2376?
3
What is the hundreds digit of 14513?
5
What is the tens digit of 1270?
7
What is the ten thousands digit of 26746?
2
What is the hundreds digit of 9956?
9
What is the tens digit of 13103?
0
What is the thousands digit of 3861?
3
What is the tens digit of 5967?
6
What is the hundreds digit of 29451?
4
What is the tens digit of 719?
1
What is the tens digit of 3143?
4
What is the ten thousands digit of 46165?
4
What is the units digit of 474?
4
What is the units digit of 2347?
7
What is the units digit of 1216?
6
What is the units digit of 7305?
5
What is the units digit of 2251?
1
What is the tens digit of 502?
0
What is the hundreds digit of 136?
1
What is the units digit of 7873?
3
What is the thousands digit of 1007?
1
What is the thousands digit of 19554?
9
What is the hundreds digit of 8446?
4
What is the units digit of 1787?
7
What is the hundreds digit of 2527?
5
What is the tens digit of 24745?
4
What is the thousands digit of 2935?
2
What is the tens digit of 16502?
0
What is the hundreds digit of 35990?
9
What is the hundreds digit of 107301?
3
What is the tens digit of 817?
1
What is the units digit of 15132?
2
What is the thousands digit of 1621?
1
What is the units digit of 1028?
8
What is the ten thousands digit of 42642?
4
What is the hundreds digit of 7927?
9
What is the ten thousands digit of 22990?
2
What is the hundreds digit of 6086?
0
What is the units digit of 24514?
4
What is the units digit of 90589?
9
What is the tens digit of 30458?
5
What is the units digit of 1462?
2
What is the tens digit of 1054?
5
What is the units digit of 55?
5
What is the hundreds digit of 29377?
3
What is the thousands digit of 3573?
3
What is the units digit of 5516?
6
What is the units digit of 865?
5
What is the thousands digit of 1097?
1
What is the tens digit of 1346?
4
What is the hundreds digit of 11705?
7
What is the hundreds digit of 426?
4
What is the thousands digit of 33896?
3
What is the units digit of 1317?
7
What is the units digit of 431?
1
What is the hundreds digit of 5263?
2
What is the tens digit of 4284?
8
What is the tens digit of 12552?
5
What is the units digit of 1705?
5
What is the hundreds digit of 463?
4
What is the units digit of 640?
0
What is the thousands digit 